s 6 a factor of 1639836?
True
Is 560780 a multiple of 4?
True
Is 49 a factor of 3039378?
False
Does 69 divide 2087549?
False
Does 99 divide 1740420?
True
Is 366735 a multiple of 51?
False
Is 18393427 a multiple of 255?
False
Is 8662 a multiple of 71?
True
Does 2 divide 23439?
False
Is 4403624 a multiple of 1324?
True
Does 56 divide 1031072?
True
Is 85 a factor of 3102755?
True
Is 9 a factor of 1802718?
True
Does 957 divide 371428?
False
Is 4620309 a multiple of 29?
True
Is 497 a factor of 343427?
True
Is 11 a factor of 10042450?
True
Is 7093074 a multiple of 485?
False
Is 122 a factor of 324398?
True
Is 5772 a multiple of 2?
True
Is 104 a factor of 492336?
True
Does 502 divide 4371918?
True
Is 52232 a multiple of 11?
False
Is 15 a factor of 13067910?
True
Does 7 divide 4178029?
False
Is 2272075 a multiple of 65?
True
Is 529 a factor of 4907004?
True
Is 6 a factor of 63073?
False
Is 34 a factor of 3386570?
True
Is 129934 a multiple of 13?
False
Does 249 divide 20620437?
True
Is 5 a factor of 164895?
True
Is 165438 a multiple of 234?
True
Is 256 a factor of 147441?
False
Does 22 divide 6186317?
False
Does 104 divide 2441?
False
Does 411 divide 92064?
True
Does 9 divide 336617?
False
Is 11 a factor of 3289?
True
Is 1387523 a multiple of 855?
False
Is 126 a factor of 57456?
True
Does 776 divide 2029240?
True
Does 23 divide 30130?
True
Does 31 divide 517382?
False
Does 56 divide 322616?
True
Is 38410 a multiple of 13?
False
Is 2940448 a multiple of 532?
False
Does 70 divide 17506020?
True
Is 347386 a multiple of 5?
False
Does 83 divide 1884188?
False
Is 3234 a multiple of 3?
True
Does 184 divide 8236392?
True
Is 4934820 a multiple of 110?
True
Is 733320 a multiple of 840?
True
Does 3 divide 69176?
False
Is 3060064 a multiple of 247?
False
Is 84572 a multiple of 82?
False
Is 439593 a multiple of 21?
True
Is 180436 a multiple of 885?
False
Is 12213 a multiple of 69?
True
Does 102 divide 1244021?
False
Is 72310 a multiple of 69?
False
Is 170292 a multiple of 138?
True
Does 3 divide 5104419?
True
Does 5 divide 415365?
True
Is 108 a factor of 10696536?
True
Is 52806 a multiple of 26?
True
Does 5 divide 68725?
True
Is 93163 a multiple of 104?
False
Is 918 a factor of 1107108?
True
Is 59 a factor of 114932?
True
Is 2073552 a multiple of 26?
True
Does 167 divide 205243?
True
Is 44759 a multiple of 22?
False
Does 34 divide 1671292?
False
Is 4 a factor of 112132?
True
Is 1091790 a multiple of 35?
True
Does 32 divide 492928?
True
Is 8 a factor of 176100?
False
Is 14 a factor of 5316894?
False
Is 239 a factor of 179941?
False
Does 8 divide 2915?
False
Is 157155 a multiple of 184?
False
Is 101 a factor of 2817092?
True
Is 33 a factor of 836694?
False
Is 6 a factor of 4973?
False
Does 410 divide 44844?
False
Is 204173 a multiple of 79?
False
Is 2199 a multiple of 3?
True
Is 13706880 a multiple of 1920?
True
Is 6 a factor of 104226?
True
Does 13 divide 3761769?
False
Is 415 a factor of 2363840?
True
Does 31 divide 53413?
True
Does 361 divide 636082?
True
Is 1856 a factor of 2750592?
True
Does 67 divide 6039179?
True
Is 71299 a multiple of 13?
False
Is 168 a factor of 2734872?
True
Is 450 a factor of 157479?
False
Is 65 a factor of 98280?
True
Is 227 a factor of 115543?
True
Is 5 a factor of 74864?
False
Is 8 a factor of 1153624?
True
Does 18 divide 11214?
True
Is 4544293 a multiple of 13?
True
Is 498 a factor of 1478923?
False
Is 8845 a multiple of 683?
False
Does 48 divide 367009?
False
Is 76 a factor of 570254?
False
Is 23 a factor of 6626655?
False
Does 589 divide 859351?
True
Is 3 a factor of 107793?
True
Is 487436 even?
True
Is 899 a factor of 817433?
False
Is 4955545 a multiple of 67?
False
Is 564600 a multiple of 8?
True
Is 192360 a multiple of 12?
True
Does 52 divide 1613144?
True
Is 1807996 a multiple of 326?
True
Is 268 a factor of 55208?
True
Does 83 divide 229523?
False
Is 191520 a multiple of 342?
True
Is 85706 a multiple of 71?
False
Is 1580454 a multiple of 3?
True
Does 115 divide 104662?
False
Is 2649474 a multiple of 8?
False
Is 13 a factor of 2389321?
False
Is 1216719 a multiple of 31?
True
Does 24 divide 627729?
False
Does 580 divide 8146955?
False
Is 4 a factor of 53329?
False
Does 130 divide 32110?
True
Is 19 a factor of 4952483?
True
Is 363 a factor of 1359344?
False
Does 87 divide 862185?
False
Is 1011334 a multiple of 781?
False
Is 167 a factor of 1242702?
False
Is 393 a factor of 817440?
True
Does 16 divide 12201102?
False
Is 259283 a multiple of 8?
False
Does 108 divide 194601?
False
Is 4396279 a multiple of 8?
False
Does 20 divide 713931?
False
Is 200 a factor of 3748600?
True
Is 8884601 a multiple of 6?
False
Is 119915 a multiple of 145?
True
Is 270744 a multiple of 29?
True
Is 14 a factor of 1115914?
False
Is 10 a factor of 2796430?
True
Is 36 a factor of 131684?
False
Is 6 a factor of 9153071?
False
Is 57 a factor of 237678?
False
Is 243484 a multiple of 108?
False
Is 17 a factor of 156316?
False
Is 9 a factor of 28647?
True
Is 4458544 a multiple of 178?
True
Does 194 divide 1981697?
False
Is 492 a factor of 1066538?
False
Is 3792780 a multiple of 10?
True
Does 109 divide 1268054?
False
Is 33 a factor of 171996?
True
Does 22 divide 103466?
True
Is 526380 a multiple of 93?
True
Is 8 a factor of 2020229?
False
Does 24 divide 187944?
True
Is 86473 a multiple of 19?
False
Does 95 divide 4475575?
False
Is 133 a factor of 1510082?
True
Is 578 a factor of 1970402?
True
Is 56 a factor of 5409040?
True
Does 271 divide 1407574?
True
Does 154 divide 294606?
False
Is 289950 a multiple of 150?
True
Is 35 a factor of 147265?
False
Does 32 divide 20031904?
True
Is 103 a factor of 34398?
False
Is 24 a factor of 1971589?
False
Does 26 divide 1307696?
True
Is 210 a factor of 456750?
True
Is 1264190 a multiple of 167?
True
Does 13 divide 1997348?
False
Is 3730761 a multiple of 269?
True
Is 92124 a multiple of 2?
True
Does 17 divide 125650?
False
Does 46 divide 790372?
True
Is 3530764 a multiple of 68?
True
Is 167 a factor of 119071?
True
Is 4 a factor of 61960?
True
Does 126 divide 1572228?
True
Is 61762 a multiple of 7?
False
Is 348 a factor of 592979?
False
Is 1855872 a multiple of 38?
False
Is 16 a factor of 3507472?
True
Is 1153268 a multiple of 203?
False
Is 5436 a multiple of 3?
True
Is 75 a factor of 5605057?
False
Is 68741 a multiple of 13?
False
Does 382 divide 129116?
True
Is 178855 a multiple of 74?
False
Is 311 a factor of 1347252?
True
Does 74 divide 61938?
True
Is 15 a factor of 9663165?
True
Does 421 divide 1617985?
False
Is 10 a factor of 13662?
False
Does 20 divide 1879440?
True
Is 1590750 a multiple of 75?
True
Does 16 divide 70960?
True
Is 19 a factor of 79021?
True
Does 817 divide 3196104?
True
Is 357228 a multiple of 18?
True
Does 20 divide 2579480?
True
Does 185 divide 4357093?
False
Does 378 divide 383670?
True
Is 4240644 a multiple of 148?
True
Does 96 divide 1716017?
False
Is 17 a factor of 304080?
False
Does 500 divide 228095?
False
Is 4937063 a multiple of 140?
False
Is 13 a factor of 282913?
False
Is 1050 a multiple of 35?
True
Does 12 divide 3520158?
False
Is 36688 a multiple of 3?
False
Does 244 divide 11801060?
True
Is 8120918 a multiple of 13?
True
Is 1185 a factor of 1363935?
True
Is 1822 a factor of 19981121?
False
Is 8536763 a multiple of 35?
False
Does 9 divide 170039?
False
Does 61 divide 491904?
True
Is 4114777 a multiple of 1324?
False
Is 31515 a multiple of 4?
False
Does 721 divide 426111?
True
Does 12 divide 3435?
False
Does 232 divide 109272?
True
Is 6 a factor of 376730?
False
Is 393962 a multiple of 25?
False
Is 15 a factor of 42524?
False
Does 109 divide 7384532?
True
Does 176 divide 172433?
False
Is 14 a factor of 504700?
True
Does 10 divide 6044403?
False
Does 59 divide 1122711?
True
Does 35 divide 88511?
False
Is 1948971 a multiple of 8?
False
Is 2026386 a multiple of 346?
False
Does 86 divide 302777?
False
Does 15 divide 166020?
True
Is 414488 a multiple of 58?
False
Is 353577 a multiple of 3?
True
Does 14 divide 143990?
True
Is 354 a factor of 3362292?
True
Is 2 a factor of 216151?
False
Is 4 a factor of 8411?
False
Does 24 divide 1214451?
False
Is 369618 a multiple of 6?
True
Is 3037561 a multiple of 13?
False
Is 2322751 a multiple of 191?
True
Is 28 a factor of 10105075?
False
Is 192708 a multipl